5*p + 140. What is the units digit of p/(-98) - (-780)/14?
6
Let q(c) be the second derivative of -7*c**4/24 + 7*c**3/2 - 3*c**2 - 3*c. Let h(d) be the first derivative of q(d). What is the units digit of h(-5)?
6
Let n(h) = -18*h - 22. Let j be n(-5). Let x(l) = 2*l. Let r be x(2). Suppose 3*a + j = r*m - 0*a, -3*m = -5*a - 51. What is the units digit of m?
7
Let v be (-2)/5 + (-91)/(-65). Let r = v + 3. Suppose -4*s = -9 + 21, 145 = r*u - 3*s. What is the units digit of u?
4
What is the hundreds digit of (-19)/19*26*(-139)/2?
8
Let n(t) be the second derivative of 7*t**3/3 - 6*t. What is the units digit of n(1)?
4
Let r be -2 - ((-12)/(-66) + 79/(-11)). Suppose -4*s - s + 152 = -2*g, -r*s + 145 = 5*g. What is the units digit of s?
0
Let g = -34 - 46. Let p = 83 + g. What is the units digit of p?
3
Suppose 4*g + 7*l = 3*l + 1744, 4*l + 1760 = 4*g. What is the hundreds digit of g?
4
Let q = -1979 + 3559. What is the tens digit of q?
8
Suppose -20*a + 1392 = 9*a. What is the tens digit of a?
4
Let w(u) = -u**3 + 19*u**2 + 19*u + 45. Suppose -220 = -3*j - 8*j. What is the tens digit of w(j)?
2
Suppose -3*q + 47 = s, -3*s + 3*q + q = -102. Suppose 0 = s*u - 34*u - 180. What is the units digit of u?
5
Suppose 5*g + 12*u = 8*u + 3778, -2*g = u - 1513. What is the tens digit of g?
5
Let n = -953 + 956. Let k(p) = -6*p**2 + 10*p + 7. Let g(y) = 6*y**2 - 11*y - 7. Let a(r) = -6*g(r) - 7*k(r). What is the tens digit of a(n)?
3
Let x(d) = -1073*d + 45. What is the thousands digit of x(-3)?
3
Let q(b) = -b - 53. Let o be q(-14). Let i = o - -81. What is the tens digit of i?
4
Let z(g) = -2*g**2 - 3*g + 1075. What is the units digit of z(0)?
5
What is the units digit of 8 + -16 + 10 + 377/1?
9
Suppose 48 + 33 = 3*l. Suppose -2*t = -o + l, -o - t = -5*t - 33. Let a = o - 3. What is the units digit of a?
8
Suppose -5*z = 34*z - 23712. What is the hundreds digit of z?
6
Let p be (-3 - 0) + 11 + -2. Let b(u) = 11 - 5 + p - 9*u. What is the tens digit of b(-5)?
5
Let v be -4 + 4 + 32/1. Suppose 0 = -a - 4*n + v, 4*n - 75 = -5*a + n. What is the units digit of 2/6 + 152/a?
3
Suppose -3*l - 12 - 13 = -2*q, -3*l - 5*q - 32 = 0. Suppose 730 + 502 = -2*p. What is the units digit of (-2)/l - p/63?
0
Suppose 2*t - 60 = 5*s - 3*s, 4*s + 92 = 3*t. Let x = -55 + t. What is the tens digit of (x/36)/(1/(-72))?
5
Suppose 3*x - 2*x - 1193 = 5*l, -6013 = -5*x + l. What is the thousands digit of x?
1
Let r = -415 - -1946. What is the hundreds digit of r?
5
Suppose 3*l = 2*y + 13, 2*y + 5*l - 20 = 7*y. What is the hundreds digit of (6/18)/(y/9) + 117?
1
Let z be 1/7 + (-19400)/70. Let s = -146 - z. What is the units digit of s?
1
Suppose 17*h - 3573 - 1187 = 0. What is the hundreds digit of h?
2
Let c = -3 + 5. Suppose c*q - 2*s + 12 = 0, 0 = -2*q + 3*q + 5*s + 6. What is the units digit of (-4 - -7) + q/(-1)?
9
Let m be 516/(-26) - 4/26. What is the tens digit of -5*(-4 - (-88)/m)?
4
Let i = 2620 - 906. What is the hundreds digit of i?
7
Let g(q) be the third derivative of q**4/2 + 7*q**3/3 + 4*q**2. What is the tens digit of g(4)?
6
Let m(w) = -w**2 + 10*w + 26. Let x be m(7). Let b = -5 + x. What is the units digit of b?
2
Let w(q) = 5*q - 30. Suppose -5*o = -5*s - 4*o + 83, -o = 5*s - 77. What is the tens digit of w(s)?
5
Let y = -108 - -32. Let d = 111 + y. What is the tens digit of d?
3
Let o(r) = -r**2 - 4*r - 3. Let h be o(-7). What is the tens digit of 214/3*h/(-16)?
0
Let z = -1 + 13. Suppose 0*s + z = 4*s. What is the tens digit of ((-8)/3)/(s/(-72))?
6
Let y(z) = -17*z - 46. Let h be y(-6). Suppose -4*s - 145 = s. Let o = s + h. What is the tens digit of o?
2
Let u = -3631 - -5205. What is the thousands digit of u?
1
What is the tens digit of (-8 + 6)*(-934)/4?
6
Suppose -3*j = j - 48. Let u = -5 + j. What is the units digit of u?
7
What is the hundreds digit of ((-1704)/20)/((-33)/275)?
7
Suppose 13*y - 440 = 8*y. What is the tens digit of y/(-4 + 8 + -2)?
4
What is the tens digit of (-15 + 437)/(2*(-1)/(-8))?
8
Let j = 42 - 31. Let g(l) = 4*l - 16. What is the tens digit of g(j)?
2
Suppose 3*a + 8 = 2*y - 6*y, 5*y + 45 = 5*a. Let r = 1 - y. Suppose f = -r + 45. What is the units digit of f?
9
Suppose -5*j + 4733 + 3921 = -3*m, -2*m - 8656 = -5*j. What is the tens digit of j?
3
What is the tens digit of -2 + ((-2)/6)/((-23)/3657)?
5
Suppose 0 = 4*j + 6*k - 3*k - 5, 0 = -2*j - k + 3. Suppose -2*d = -5*w - 6 - 12, -2*d + j*w + 30 = 0. What is the tens digit of d?
1
Let m = 257 - -88. What is the tens digit of m?
4
Suppose 0 = -0*n - 5*n + 10. Suppose 2*f = n - 0. Suppose 5*g = f + 4. What is the units digit of g?
1
Suppose j - 2 = -0. Suppose -v = j*b + 2*b - 9, 0 = -b - v. Suppose -2*y = 5*a - 112, a + b*a + 2*y - 90 = 0. What is the tens digit of a?
2
Let i(v) = v**2 + 11*v - 6. Let u be i(-12). Suppose 0 = -u*r + 3*r + 6. Suppose 3*y - 5*y = r, -3*h - 5*y = -97. What is the tens digit of h?
3
Let g(h) = h + 187. Suppose 7*s = 11*s. What is the hundreds digit of g(s)?
1
Let q(s) = s**3 - 7*s**2 - 7*s + 4. Let l = 14 + -9. Suppose 25 = l*n, -w - 2*w + 29 = n. What is the units digit of q(w)?
2
Suppose 0 = -4*j - 895 + 5043. What is the tens digit of j?
3
Suppose -z - 9 = 2*z. Let q(w) = -14*w. Let b be q(z). Let u = b + -12. What is the tens digit of u?
3
Let u be (-5)/1*-30 - -3. Suppose u = -4*i + 5*i. Suppose -2*x + 69 = y + 2*y, -4*x - y = -i. What is the tens digit of x?
3
Suppose -2*h - 44 = y, -71 = 4*h + 5*y + 29. What is the units digit of (462/15)/((-8)/h)?
7
Suppose 9*p - 3*p - 678 = 0. Suppose 3*l - 4*y = 4*l - p, 2*y + 488 = 4*l. What is the tens digit of l?
2
Let u(n) = 4*n + 49. Let v be u(-7). Suppose 3*m + v - 199 = 2*p, -4*p - 108 = -2*m. What is the tens digit of m?
6
Suppose -16 = -2*v - 8. Suppose -5*k - 5*y = -830, 2*k = -0*k - v*y + 340. What is the tens digit of k?
6
What is the units digit of 525/6*(13 + -3)?
5
Let x(o) = -7 - 60394*o - 1 + 60402*o. Let g be (-28)/(-6) + (-4)/6. What is the units digit of x(g)?
4
Suppose -45*q = -49*q + 68. Suppose 0 = -12*u + q*u - 885. What is the units digit of u?
7
Suppose -a - 3*a + 120 = h, 3*a - 81 = -3*h. Let x = a + -24. What is the units digit of x?
7
Let z be ((-4)/8)/((-1)/(-2)). What is the tens digit of (-29)/(z/1) - 4?
2
Let d = 2153 + -780. What is the thousands digit of d?
1
Suppose -l - j + 1654 = 3*l, 5*j - 10 = 0. Suppose 5*i = -2*i - l. Let s = -18 - i. What is the tens digit of s?
4
Suppose 0 = -5*s - 14 - 31. Let t(g) be the first derivative of -g**2/2 - 5*g + 2. What is the units digit of t(s)?
4
Let i(a) be the first derivative of a**4/12 - 11*a**3/6 - a**2 - 3. Let d(s) be the second derivative of i(s). What is the units digit of d(10)?
9
Let i be 3/(0 - 3/4). What is the tens digit of (4 + -2)*(-110)/i?
5
Let w(i) = 31*i - 152. Let o be w(5). Let f(s) = -3*s - 14. Let n(l) = -2*l - 7. Let x(g) = 4*f(g) - 9*n(g). What is the tens digit of x(o)?
2
Let d(i) be the first derivative of -i**4/2 - i**3 + 2*i**2 + 7*i + 6. What is the units digit of d(-3)?
2
Suppose -4*l - 4*t = -4, 4 + 31 = 5*l - 5*t. Suppose l*m - 65 - 51 = 0. What is the units digit of m?
9
Let c = 9 - 5. Suppose -89 = -c*f + a, -3*f + a = -32 - 34. Suppose -3*u = -t + f, -t + 81 = 2*t - 3*u. What is the units digit of t?
9
Suppose 2*y = y. Suppose 2*a = 4*o - 8 + 42, y = -a + 5*o + 8. What is the units digit of a?
3
Let x = 3 - 1. Suppose 0 = -3*p - x*m + 22, -3*p = -0*p - 5*m - 8. What is the units digit of (p/18)/((-2)/(-138))?
3
Let l(a) be the second derivative of a**6/360 - a**5/8 + 3*a**4/8 + a**3/3 - 5*a. Let r(t) be the second derivative of l(t). What is the units digit of r(15)?
9
Suppose 0 = -4*v - v - 15. Let x be 1/v + 70/(-6). What is the units digit of (x/(-8))/((-3)/(-4))?
2
Suppose -3*j + 5*t = -113 - 12, -3*t = 2*j - 115. Suppose -x + j = -11. Suppose -7*b + 3*b = -3*s + x, 0 = -5*b + 10. What is the tens digit of s?
2
Suppose 515 + 295 = 18*f. What is the tens digit of f?
4
Let k(n) = 158*n - 221. What is the units digit of k(8)?
3
Let u = 87 + -88. What is the tens digit of (u - 7/(-5))*120?
4
Let u be 28/126 - (-1210)/(-18). Let a = u + 105. Let l = a - -9. What is the units digit of l?
7
Suppose -9 = -3*i - 0. Let t be (-2*2)/(-3 + 1). Suppose 2*z = -t*m - 0*m - 2, i*m - 2*z = 22. What is the